4 + 7). Suppose 3*h - c*p = -2*h + 232, 202 = 4*h + 5*p. Calculate the highest common factor of h and 12.
12
Let p(h) = -h**3 + 4*h**2 - 3*h + 2. Let f be p(3). Let j = f - 2. Suppose 5*l - k + j*k = 100, 2*l = -4*k + 62. What is the highest common factor of 231 and l?
21
Suppose -5*b = -6*b + 20. Calculate the highest common factor of b and 8.
4
Suppose -l = -2*l + 30. Let f be 5/(l/224)*3. What is the highest common divisor of 14 and f?
14
Suppose n = x - 3*x + 2, 2*x - 2*n - 14 = 0. Suppose x = 2*k - k. Calculate the greatest common divisor of k and 24.
3
Suppose -t + 90 = 4*t. What is the highest common divisor of 24 and t?
6
Suppose 0 = -10*u + 12*u - 12. Calculate the greatest common divisor of u and 54.
6
Suppose 0 = -2*z + 2*j - 32, -2*z + 3*j = -0*z + 28. Let m = 60 + z. Let n = m + -28. What is the greatest common divisor of n and 84?
12
Let x = 6 - 0. Let m(c) = x*c**2 + 2 - c**3 + 10*c - 2 + 2*c**2 - 2. Let w be m(9). What is the greatest common factor of 35 and w?
7
Let f be (1 - 2)/(1/5). Let g be (-1)/((-9)/f - 2). Let y(q) = 19*q + 1. Let a be y(1). Calculate the highest common factor of a and g.
5
Let m(o) = o + 1. Let c(p) = -2*p + 6. Let f(r) = -c(r) + 2*m(r). Let i be f(3). Let x = 13 + -9. What is the greatest common factor of x and i?
4
Let l be 2/(-6)*(7 + -16). Suppose 0 = 4*k - l*v - 26, k - v = 3*v. Let m = 22 - k. Calculate the greatest common factor of 2 and m.
2
Suppose -4*b + 62 = -j, 0 = -3*b - 2*j + 19 + 22. Calculate the greatest common factor of 105 and b.
15
Suppose -79 + 23 = -2*l. Calculate the greatest common factor of 8 and l.
4
Suppose 939 = 3*a - 2*f, f = 5*a - 0*a - 1572. What is the greatest common factor of a and 35?
35
Suppose 0 = -6*g + g + 35. Suppose -w = -14*w + 273. What is the highest common factor of g and w?
7
Let q = -128 - -260. Calculate the greatest common divisor of q and 12.
12
Suppose 0 = 5*u + 15, 0 = 4*w - 4*u - 182 - 202. Suppose -4*n = -34 - 90. What is the greatest common divisor of w and n?
31
Suppose 2*w + 184 + 154 = 4*b, -5*b + 3*w + 423 = 0. Calculate the greatest common divisor of 126 and b.
42
Let w be (-4)/(-2) - (0 - 1). Suppose -f = w*f - 24. Suppose y + 18 = q, -2*q + 6*y - 2*y = -42. What is the greatest common factor of q and f?
3
Let d = -9 + 15. Suppose 0*t - 60 = -t. What is the greatest common factor of t and d?
6
Let b be (15*8 - -3) + 2. Calculate the greatest common factor of 25 and b.
25
Suppose 3*w = 7*w. Let c be (24 - w) + 8/(-4). Suppose c = -0*h + h. What is the greatest common factor of h and 33?
11
Suppose -t = 4*w - 61, 4*w + 5*t + 47 = 128. Let i(c) = 201*c**2 + c. Let y be i(-1). Suppose 2*j = y - 4. Calculate the greatest common factor of j and w.
14
Let z = 7 - 17. Let t be 1505/25 - (-2)/z. What is the highest common factor of 15 and t?
15
Let n be (-1 + 9/6)*0. Suppose n = -5*v + 2*v + 5*c + 12, 4*v - 3*c = 16. Let m = -81 + 125. What is the greatest common divisor of m and v?
4
Let r(j) = j**2 + 12*j + 14. Let i be r(-11). Suppose -6*f = -i*f - 33. What is the greatest common factor of 11 and f?
11
Suppose 425 = 14*a - 9*a. Calculate the greatest common divisor of a and 68.
17
Let u = -248 + 416. Let s be -1 - 1 - 207/27*-3. Calculate the greatest common factor of s and u.
21
Let p(q) = -21*q + 6. Let a(i) = -i - 1. Suppose -2*s + 18 = s. Let w(h) = s*a(h) + p(h). Let c be w(-1). Calculate the highest common divisor of c and 9.
9
Let l be (-54)/(-10) - 2/5. What is the greatest common divisor of 40 and l?
5
Let x(b) = b**3 - 21*b**2 - 43*b - 14. Let m be x(23). Calculate the greatest common divisor of m and 5.
5
Let h be 2/(-4)*(-20)/2. Suppose 0 = -h*z + 4 + 16. Suppose 4*k = -20, 3*a + z*k = 5*a - 72. Calculate the highest common factor of 39 and a.
13
Suppose -5*s - 3*s + 168 = 0. What is the greatest common divisor of s and 189?
21
Let p(o) = -4*o + 2. Let u be p(2). Let z(h) = h**3 - 8*h**2 + 11*h + 4. Let t be z(5). Let l = u - t. What is the highest common factor of l and 5?
5
Let g(t) = t**2 + 19*t - 10. Let s be g(-21). Suppose -w + 34 + 14 = 0. What is the greatest common divisor of w and s?
16
Let k(o) = 2*o + 27. Let c be k(-7). What is the highest common divisor of 169 and c?
13
Let i(l) be the second derivative of -49*l**3/6 - 2*l**2 + l. Let w be i(-3). Let k be (-13)/(1/(3 - 4)). Calculate the highest common divisor of w and k.
13
Let t(c) = -c**3 - 6*c**2 - 14*c - 9. Let b be t(-6). Calculate the greatest common divisor of b and 30.
15
Let q(g) = 2*g + 5. Let x be q(0). Let j(b) = b**3 - 5*b**2 + b + 1. Let h be j(x). What is the greatest common divisor of h and 6?
6
Let v be (1 - -2)*(-1)/3. Let d be 3*(v + 2 - -1). Suppose 2*s = 24 + 24. Calculate the greatest common divisor of s and d.
6
Suppose -4*j + 2 = 2*l - 0*l, 0 = -3*l + 3*j + 39. What is the greatest common factor of 1 and l?
1
Suppose 0 = -5*l + 85 + 35. Let y = -50 + 86. What is the greatest common divisor of y and l?
12
Suppose -17*x + 22*x - 20 = 0. What is the highest common factor of 4 and x?
4
Let h(a) = -18*a**3 - 2*a**2 + 4*a + 5. Let k be h(-2). What is the highest common divisor of 38 and k?
19
Suppose -60 = -3*t - 2*t. Let b be 108*(-1)/(4 - 5). What is the greatest common factor of t and b?
12
Suppose -5*x + 2 = -v - 1, 5*v + 3*x = 13. Let i be v/8 + 22/8. Let a = 6 + i. Calculate the highest common divisor of 6 and a.
3
Let f = -202 - -357. Calculate the highest common factor of f and 31.
31
Let u be 1 + (-2 - 0) + 5. Suppose u*c - 5*n + 72 = 8*c, -4*c + 2*n + 72 = 0. Let l = c + -8. Calculate the greatest common divisor of 25 and l.
5
Let b(j) = j**3 + 5*j**2 - 11*j - 7. Let d be b(-7). Let p = 46 + d. What is the highest common factor of p and 45?
9
Suppose 3*t = -2*s + 58, s = -1 - 0. Calculate the greatest common divisor of t and 4.
4
Let d(m) = m**2 - 10*m - 4. Suppose -4*i + 0*c = c - 48, -64 = -4*i - 5*c. Let o be d(i). What is the highest common factor of 7 and o?
7
Let b(z) = -z - 7. Let u be b(-7). Suppose -5 = 5*i - u. Let p be (i + -7)/(3/(-3)). What is the highest common divisor of p and 24?
8
Let c(z) = 2*z**3 + z**2 - z. Let p be c(1). Suppose 5*s + k - 766 = 0, -767 = -5*s - p*k - 0*k. What is the greatest common factor of s and 17?
17
Let o(r) = -r**2 + 6*r + 3. Let q be o(3). Calculate the highest common divisor of 108 and q.
12
Suppose -3*s + 63 = 3. What is the greatest common factor of 130 and s?
10
Let p(g) = 4*g - 4*g + 2*g - 1 - g**2. Let r be p(-2). Let y = 1 - r. Calculate the highest common divisor of y and 25.
5
Suppose -2*a = -163 + 51. What is the greatest common factor of a and 4?
4
Suppose 66 = 5*n - 124. Calculate the greatest common divisor of 95 and n.
19
Suppose -2*q = b, q + 2*q = 5*b. Suppose -4*a + 0*a + 100 = b. Let g = -17 + a. Calculate the highest common factor of g and 8.
8
Let m = 55 - 27. Suppose -11 = y - 3*u, 2*y + 2*u = 5*y - 2. What is the highest common factor of y and m?
4
Suppose -a - 4*h = -32, -2*h + 69 = 3*a + h. What is the greatest common divisor of 4 and a?
4
Suppose -13*u + 72 = -4*u. Suppose 0 = 2*g - 5*g + 4*t + 236, -4*t - 20 = 0. What is the greatest common factor of g and u?
8
Suppose 4*g - 888 = -3*j, 0 = -5*j + g + 1452 + 28. Suppose -4*b - 2*z + j = -3*z, 0 = 5*b + 3*z - 387. What is the greatest common divisor of 30 and b?
15
Suppose 6*y = y. Suppose -2*z + y = -12. Suppose z*x - 4 = 2*x. Calculate the highest common divisor of 9 and x.
1
Let g be (2 + 5/(-2))*-10. Suppose -g*r + 96 = 4*l, 4*l - 4*r - 62 = 34. Suppose p = -p + l. What is the highest common factor of 132 and p?
12
Let i(w) be the third derivative of 0 + 3/10*w**5 + 0*w**4 + 0*w + w**2 - 1/3*w**3. Let t be i(-2). Calculate the highest common factor of 10 and t.
10
Suppose 0 = 2*h - 6 - 26. Let j be 4/10 - 523/(-5). Suppose 3*b + 24 = -3*a + j, 2*a - 4*b - 84 = 0. What is the greatest common factor of h and a?
16
Let d be (2/2)/((-4)/(-12)). Suppose d*r = 4*t + 36, 0 = -3*r - 0*r + t + 27. Calculate the greatest common divisor of r and 40.
8
Let v(l) = -2*l**2 + 105*l - 38. Let j be v(52). Let f = -2 + 6. Let k be 28*(0 - f)*-1. Calculate the greatest common divisor of j and k.
14
Let d(m) = -m**2 - 22*m - 26. Let w be d(-16). What is the greatest common factor of w and 50?
10
Let g(y) = y**3 - 8*y**2 + 4*y + 3. Let 